{"id":958,"date":"2018-08-29T16:10:43","date_gmt":"2018-08-29T19:10:43","guid":{"rendered":"https:\/\/isfd186-bue.infd.edu.ar\/sitio\/globalizadores\/"},"modified":"2026-03-25T21:42:24","modified_gmt":"2026-03-26T00:42:24","slug":"globalizadores","status":"publish","type":"page","link":"https:\/\/isfd186-bue.infd.edu.ar\/sitio\/globalizadores\/","title":{"rendered":"Globalizadores"},"content":{"rendered":"\n<p><strong>GLOBALIZADOR:&nbsp;<\/strong>Es una instancia evaluativa excepcional destinada a regularizar cursada, considerando el Ciclo cerrado de los profesorados del ISFD 186, donde el\/la estudiante deber\u00e1 dar cuenta de la totalidad de contenidos de la unidad curricular.<\/p>\n\n\n\n<p>Al respecto a los&nbsp;<strong><em>Globalizadores<\/em><\/strong>, el CAI ha emitido criterio mediante Acta N\u00ba 06\/22:<\/p>\n\n\n\n<ul>\n<li>Cuando el\/la estudiante desaprobare uno de los cuatrimestres o la unidad curricular completa, tendr\u00e1 la posibilidad de acceder a la instancia de Globalizadoren la semana inmediata posterior al cierre de cursadas<strong><em>,<\/em><\/strong>&nbsp;donde deber\u00e1 regularizar la unidad curricular. En caso de desaprobar, recursar\u00e1 el espacio curricular.<\/li>\n<\/ul>\n\n\n\n<p>Las condiciones y requisitos para acceder a la instancia del Globalizador fueron definidas por el CAI, en Acta 10\/19 y 12\/19:<\/p>\n\n\n\n<ul>\n<li>Asistencia a la cursada superior al 50 %, previa presentaci\u00f3n en tiempo y forma de las justificaciones de las inasistencias. Las trayectorias formativas que consignen menos del 50% de asistencia, deber\u00e1n recursar la unidad curricular correspondiente.<\/li>\n\n\n\n<li>Haberse presentado a las dos instancias parciales cuatrimestrales con sus respectivos recuperatorios y no haber aprobado uno o ambos. En caso de inasistencia, deber\u00e1 estar debidamente justificada mediante certificado m\u00e9dico, judicial, laboral, etc.<\/li>\n<\/ul>\n\n\n\n<p>Cualquier otra situaci\u00f3n de excepci\u00f3n deber\u00e1 ser considerada en reuni\u00f3n extraordinaria del CAI con debida justificaci\u00f3n y ante presentaci\u00f3n por escrito a Direcci\u00f3n.<\/p>\n","protected":false},"excerpt":{"rendered":"<p>GLOBALIZADOR:&nbsp;Es una instancia evaluativa excepcional destinada a regularizar cursada, considerando el Ciclo cerrado de los profesorados del ISFD 186, donde el\/la estudiante deber\u00e1 dar cuenta de la totalidad de contenidos de la unidad curricular. Al respecto a los&nbsp;Globalizadores, el CAI ha emitido criterio mediante Acta N\u00ba 06\/22: Las condiciones y requisitos para acceder a la &#8230; <a title=\"Globalizadores\" class=\"read-more\" href=\"https:\/\/isfd186-bue.infd.edu.ar\/sitio\/globalizadores\/\" aria-label=\"More on Globalizadores\">[+]<\/a><\/p>\n","protected":false},"author":1018,"featured_media":0,"parent":0,"menu_order":0,"comment_status":"closed","ping_status":"closed","template":"","meta":[],"acf":[],"_links":{"self":[{"href":"https:\/\/isfd186-bue.infd.edu.ar\/sitio\/wp-json\/wp\/v2\/pages\/958"}],"collection":[{"href":"https:\/\/isfd186-bue.infd.edu.ar\/sitio\/wp-json\/wp\/v2\/pages"}],"about":[{"href":"https:\/\/isfd186-bue.infd.edu.ar\/sitio\/wp-json\/wp\/v2\/types\/page"}],"author":[{"embeddable":true,"href":"https:\/\/isfd186-bue.infd.edu.ar\/sitio\/wp-json\/wp\/v2\/users\/1018"}],"replies":[{"embeddable":true,"href":"https:\/\/isfd186-bue.infd.edu.ar\/sitio\/wp-json\/wp\/v2\/comments?post=958"}],"version-history":[{"count":4,"href":"https:\/\/isfd186-bue.infd.edu.ar\/sitio\/wp-json\/wp\/v2\/pages\/958\/revisions"}],"predecessor-version":[{"id":9361,"href":"https:\/\/isfd186-bue.infd.edu.ar\/sitio\/wp-json\/wp\/v2\/pages\/958\/revisions\/9361"}],"wp:attachment":[{"href":"https:\/\/isfd186-bue.infd.edu.ar\/sitio\/wp-json\/wp\/v2\/media?parent=958"}],"curies":[{"name":"wp","href":"https:\/\/api.w.org\/{rel}","templated":true}]}}