{"id":956,"date":"2018-08-29T16:10:42","date_gmt":"2018-08-29T19:10:42","guid":{"rendered":"https:\/\/isfd186-bue.infd.edu.ar\/sitio\/parciales\/"},"modified":"2024-09-26T16:57:01","modified_gmt":"2024-09-26T19:57:01","slug":"parciales","status":"publish","type":"page","link":"https:\/\/isfd186-bue.infd.edu.ar\/sitio\/parciales\/","title":{"rendered":"Parciales"},"content":{"rendered":"<table id=\"table4\" style=\"width: 750px; background-color: #e3e8e4;\" border=\"0\" cellspacing=\"0\" cellpadding=\"10\">\n<tbody>\n<tr>\n<td style=\"border: 1px solid; text-align: left;\">\n<h1>Aclaraci\u00f3n<\/h1>\n<p><span style=\"font-size: 12pt;\">Cada docente deber\u00e1 tomar 2 parciales en el a\u00f1o y recuperar cada uno de ellos por separado.<\/span><\/p>\n<p><span style=\"font-size: 12pt;\">Es decir: se toma el primer parcial y el alumno que lo desaprueba deber\u00e1 recuperarlo cuando el profesor lo disponga, antes de tomar el segundo parcial. Se toma el segundo parcial y el alumno que lo desaprueba deber\u00e1 recuperarlo cuando el profesor lo disponga, antes de la fecha de finales.<\/span><\/td>\n<\/tr>\n<\/tbody>\n<\/table>\n","protected":false},"excerpt":{"rendered":"<p>Aclaraci\u00f3n Cada docente deber\u00e1 tomar 2 parciales en el a\u00f1o y recuperar cada uno de ellos por separado. Es decir: se toma el primer parcial y el alumno que lo desaprueba deber\u00e1 recuperarlo cuando el profesor lo disponga, antes de tomar el segundo parcial. Se toma el segundo parcial y el alumno que lo desaprueba &#8230; <a title=\"Parciales\" class=\"read-more\" href=\"https:\/\/isfd186-bue.infd.edu.ar\/sitio\/parciales\/\" aria-label=\"More on Parciales\">[+]<\/a><\/p>\n","protected":false},"author":1018,"featured_media":0,"parent":0,"menu_order":0,"comment_status":"closed","ping_status":"closed","template":"","meta":[],"acf":[],"_links":{"self":[{"href":"https:\/\/isfd186-bue.infd.edu.ar\/sitio\/wp-json\/wp\/v2\/pages\/956"}],"collection":[{"href":"https:\/\/isfd186-bue.infd.edu.ar\/sitio\/wp-json\/wp\/v2\/pages"}],"about":[{"href":"https:\/\/isfd186-bue.infd.edu.ar\/sitio\/wp-json\/wp\/v2\/types\/page"}],"author":[{"embeddable":true,"href":"https:\/\/isfd186-bue.infd.edu.ar\/sitio\/wp-json\/wp\/v2\/users\/1018"}],"replies":[{"embeddable":true,"href":"https:\/\/isfd186-bue.infd.edu.ar\/sitio\/wp-json\/wp\/v2\/comments?post=956"}],"version-history":[{"count":2,"href":"https:\/\/isfd186-bue.infd.edu.ar\/sitio\/wp-json\/wp\/v2\/pages\/956\/revisions"}],"predecessor-version":[{"id":8326,"href":"https:\/\/isfd186-bue.infd.edu.ar\/sitio\/wp-json\/wp\/v2\/pages\/956\/revisions\/8326"}],"wp:attachment":[{"href":"https:\/\/isfd186-bue.infd.edu.ar\/sitio\/wp-json\/wp\/v2\/media?parent=956"}],"curies":[{"name":"wp","href":"https:\/\/api.w.org\/{rel}","templated":true}]}}